{"id":29,"date":"2024-08-10T17:58:25","date_gmt":"2024-08-10T15:58:25","guid":{"rendered":"https:\/\/troyanforge.com\/?page_id=29"},"modified":"2025-02-22T22:09:01","modified_gmt":"2025-02-22T21:09:01","slug":"info-ou-intox","status":"publish","type":"page","link":"https:\/\/troyanforge.com\/index.php\/info-ou-intox\/","title":{"rendered":"Info ou Intox"},"content":{"rendered":"\n<h2 class=\"wp-block-heading has-text-align-center\"><strong>Metal MythBuster<\/strong><\/h2>\n\n\n\n<p>L&#8217;absence de reconnaissance m\u00e9diatique et le manque de documentations s\u00e9rieuses relatives \u00e0 l&#8217;histoire du Hard et du Metal Fran\u00e7ais conduisent parfois \u00e0 la naissance de v\u00e9ritables l\u00e9gendes urbaines, colport\u00e9es soit par une transmission orale d\u00e9fectueuse, soit par des journalistes soucieux de faire cadrer l&#8217;histoire avec leur vision du rock en France, n&#8217;h\u00e9sitant pas \u00e0 gommer des groupes essentiels de leurs &#8220;ouvrages&#8221; soit, ce qui est plus grave, par des acteurs de cette histoire soucieux de se cr\u00e9er une l\u00e9gende et, de se d\u00e9couvrir pionnier en tout, d\u00e9tournant sans vergogne les faits \u00e0 leur avantage et confondant guitares satur\u00e9es et pipeau.<\/p>\n\n\n\n<p>A contrario d&#8217;autres faits r\u00e9els sont peu, voire pas, connus du fait d&#8217;une sorte d&#8217;omerta m\u00e9diatique touchant notre musique.<\/p>\n\n\n\n<p>Voici donc un petit guide, \u00ab&nbsp;info\/intox&nbsp;\u00bb afin de tordre le cou \u00e0 quelques l\u00e9gende urbaines m\u00e9talleuses&nbsp;:et resituer dans l&#8217;histoire du French Metal certains \u00e9v\u00e8nements r\u00e9ellement clefs.<\/p>\n\n\n\n\t\t\t<div class=\"wp-block-uagb-post-grid uagb-post-grid  uagb-post__image-position-top uagb-post__image-enabled uagb-block-49756274     uagb-post__items uagb-post__columns-3 is-grid uagb-post__columns-tablet-2 uagb-post__columns-mobile-1 uagb-post__equal-height\" data-total=\"1\" style=\"\">\n\n\t\t\t\t\t\t\t\t\t\t\t\t<article class=\"uagb-post__inner-wrap\">\t\t\t\t\t\t\t\t<div class='uagb-post__image'>\n\t\t\t\t\t\t\t\t\t<a href=\"https:\/\/troyanforge.com\/index.php\/2024\/09\/01\/satan-jokers-a-cree-le-metal-fusion\/\" target=\"_self\" rel=\"bookmark noopener noreferrer\" class='uagb-image-ratio-inherit'><img loading=\"lazy\" decoding=\"async\" width=\"600\" height=\"609\" src=\"https:\/\/troyanforge.com\/wp-content\/uploads\/2024\/08\/cover-satan-jokers-3.jpg\" class=\"attachment-large size-large\" alt=\"satan jokers III\" srcset=\"https:\/\/troyanforge.com\/wp-content\/uploads\/2024\/08\/cover-satan-jokers-3.jpg 600w, https:\/\/troyanforge.com\/wp-content\/uploads\/2024\/08\/cover-satan-jokers-3-296x300.jpg 296w, https:\/\/troyanforge.com\/wp-content\/uploads\/2024\/08\/cover-satan-jokers-3-394x400.jpg 394w\" sizes=\"auto, (max-width: 600px) 100vw, 600px\" \/>\t\t\t\t\t<\/a>\n\t\t\t\t\t\t\t<\/div>\n\t\t\t\t\t\t<h4 class=\"uagb-post__title uagb-post__text\">\n\t\t\t\t<a href=\"https:\/\/troyanforge.com\/index.php\/2024\/09\/01\/satan-jokers-a-cree-le-metal-fusion\/\" target=\"_self\" rel=\"bookmark noopener noreferrer\">SATAN JOKERS a cr\u00e9\u00e9 le Metal Fusion<\/a>\n\t\t\t<\/h4>\n\t\t\t\t\t\t<div class='uagb-post__text uagb-post-grid-byline'>\n\t\t\t\t\t\t\t\t<time datetime=\"2024-09-01T17:04:38+02:00\" class=\"uagb-post__date\">\n\t\t\t\t<span class=\"dashicons-calendar dashicons\"><\/span>\t\t\t\t\t1 September 2024\t\t\t\t<\/time>\n\t\t\t\t\t\t\t<span class=\"uagb-post__comment\">\n\t\t\t\t<span class=\"dashicons-admin-comments dashicons\"><\/span>\t\t\t\t\tNo Comments\t\t\t\t<\/span>\n\t\t\t\t\t\t<\/div>\n\t\t\t\t\t\t\t<div class='uagb-post__text uagb-post__excerpt'>\n\t\t\t\t\t<p>STATUT : INTOX \/ D\u00e9formations de faits On trouve cette rumeur colport\u00e9e sous deux formes,&#8230;\t\t\t\t<\/div>\n\t\t\t\t\t\t<div class=\"uagb-post__text uagb-post__cta wp-block-button\">\n\t\t\t\t<a class=\"wp-block-button__link uagb-text-link\" style=\"\" href=\"https:\/\/troyanforge.com\/index.php\/2024\/09\/01\/satan-jokers-a-cree-le-metal-fusion\/\" target=\"_self\" rel=\"bookmark noopener noreferrer\">Read More<\/a>\n\t\t\t<\/div>\n\t\t\t\n\t\t\t\t\t\t\t\t\t<\/article>\n\t\t\t\t\t\t\t\t\t\t\t\t\t\t\t\t<article class=\"uagb-post__inner-wrap\">\t\t\t\t\t\t\t\t<div class='uagb-post__image'>\n\t\t\t\t\t\t\t\t\t<a href=\"https:\/\/troyanforge.com\/index.php\/2024\/09\/01\/de-nombreux-musiciens-de-hard-et-de-metal-des-annees-80-se-sont-reconvertis-dans-la-variete\/\" target=\"_self\" rel=\"bookmark noopener noreferrer\" class='uagb-image-ratio-inherit'><img loading=\"lazy\" decoding=\"async\" width=\"700\" height=\"700\" src=\"https:\/\/troyanforge.com\/wp-content\/uploads\/2024\/09\/illustration-changement-metal-en-variete-1024x1024.jpg\" class=\"attachment-large size-large\" alt=\"\" srcset=\"https:\/\/troyanforge.com\/wp-content\/uploads\/2024\/09\/illustration-changement-metal-en-variete-1024x1024.jpg 1024w, https:\/\/troyanforge.com\/wp-content\/uploads\/2024\/09\/illustration-changement-metal-en-variete-300x300.jpg 300w, https:\/\/troyanforge.com\/wp-content\/uploads\/2024\/09\/illustration-changement-metal-en-variete-150x150.jpg 150w, https:\/\/troyanforge.com\/wp-content\/uploads\/2024\/09\/illustration-changement-metal-en-variete-768x768.jpg 768w, https:\/\/troyanforge.com\/wp-content\/uploads\/2024\/09\/illustration-changement-metal-en-variete-700x700.jpg 700w, https:\/\/troyanforge.com\/wp-content\/uploads\/2024\/09\/illustration-changement-metal-en-variete-100x100.jpg 100w, https:\/\/troyanforge.com\/wp-content\/uploads\/2024\/09\/illustration-changement-metal-en-variete-400x400.jpg 400w, https:\/\/troyanforge.com\/wp-content\/uploads\/2024\/09\/illustration-changement-metal-en-variete.jpg 1120w\" sizes=\"auto, (max-width: 700px) 100vw, 700px\" \/>\t\t\t\t\t<\/a>\n\t\t\t\t\t\t\t<\/div>\n\t\t\t\t\t\t<h4 class=\"uagb-post__title uagb-post__text\">\n\t\t\t\t<a href=\"https:\/\/troyanforge.com\/index.php\/2024\/09\/01\/de-nombreux-musiciens-de-hard-et-de-metal-des-annees-80-se-sont-reconvertis-dans-la-variete\/\" target=\"_self\" rel=\"bookmark noopener noreferrer\">De nombreux musiciens de Hard et de Metal des ann\u00e9es 80 se sont reconvertis dans la &#8220;vari\u00e9t\u00e9&#8221;<\/a>\n\t\t\t<\/h4>\n\t\t\t\t\t\t<div class='uagb-post__text uagb-post-grid-byline'>\n\t\t\t\t\t\t\t\t<time datetime=\"2024-09-01T16:09:42+02:00\" class=\"uagb-post__date\">\n\t\t\t\t<span class=\"dashicons-calendar dashicons\"><\/span>\t\t\t\t\t1 September 2024\t\t\t\t<\/time>\n\t\t\t\t\t\t\t<span class=\"uagb-post__comment\">\n\t\t\t\t<span class=\"dashicons-admin-comments dashicons\"><\/span>\t\t\t\t\tNo Comments\t\t\t\t<\/span>\n\t\t\t\t\t\t<\/div>\n\t\t\t\t\t\t\t<div class='uagb-post__text uagb-post__excerpt'>\n\t\t\t\t\t<p>STATUT : INFO Sans pour autant \u00ab trahir \u00bb leurs racines, comme le pr\u00e9tendent certains&#8230;\t\t\t\t<\/div>\n\t\t\t\t\t\t<div class=\"uagb-post__text uagb-post__cta wp-block-button\">\n\t\t\t\t<a class=\"wp-block-button__link uagb-text-link\" style=\"\" href=\"https:\/\/troyanforge.com\/index.php\/2024\/09\/01\/de-nombreux-musiciens-de-hard-et-de-metal-des-annees-80-se-sont-reconvertis-dans-la-variete\/\" target=\"_self\" rel=\"bookmark noopener noreferrer\">Read More<\/a>\n\t\t\t<\/div>\n\t\t\t\n\t\t\t\t\t\t\t\t\t<\/article>\n\t\t\t\t\t\t\t\t\t\t\t\t\t\t\t\t<article class=\"uagb-post__inner-wrap\">\t\t\t\t\t\t\t\t<div class='uagb-post__image'>\n\t\t\t\t\t\t\t\t\t<a href=\"https:\/\/troyanforge.com\/index.php\/2024\/09\/01\/satan-jokers-a-ete-le-premier-groupe-francais-a-porter-un-look-cuir-clou-extreme\/\" target=\"_self\" rel=\"bookmark noopener noreferrer\" class='uagb-image-ratio-inherit'><img loading=\"lazy\" decoding=\"async\" width=\"700\" height=\"350\" src=\"https:\/\/troyanforge.com\/wp-content\/uploads\/2024\/08\/FMW-satan-jokers-1024x512.jpg\" class=\"attachment-large size-large\" alt=\"Satan jokers\" srcset=\"https:\/\/troyanforge.com\/wp-content\/uploads\/2024\/08\/FMW-satan-jokers-1024x512.jpg 1024w, https:\/\/troyanforge.com\/wp-content\/uploads\/2024\/08\/FMW-satan-jokers-300x150.jpg 300w, https:\/\/troyanforge.com\/wp-content\/uploads\/2024\/08\/FMW-satan-jokers-768x384.jpg 768w, https:\/\/troyanforge.com\/wp-content\/uploads\/2024\/08\/FMW-satan-jokers-1536x768.jpg 1536w, https:\/\/troyanforge.com\/wp-content\/uploads\/2024\/08\/FMW-satan-jokers-700x350.jpg 700w, https:\/\/troyanforge.com\/wp-content\/uploads\/2024\/08\/FMW-satan-jokers-800x400.jpg 800w, https:\/\/troyanforge.com\/wp-content\/uploads\/2024\/08\/FMW-satan-jokers.jpg 1600w\" sizes=\"auto, (max-width: 700px) 100vw, 700px\" \/>\t\t\t\t\t<\/a>\n\t\t\t\t\t\t\t<\/div>\n\t\t\t\t\t\t<h4 class=\"uagb-post__title uagb-post__text\">\n\t\t\t\t<a href=\"https:\/\/troyanforge.com\/index.php\/2024\/09\/01\/satan-jokers-a-ete-le-premier-groupe-francais-a-porter-un-look-cuir-clou-extreme\/\" target=\"_self\" rel=\"bookmark noopener noreferrer\">SATAN JOKERS a \u00e9t\u00e9 le premier groupe Fran\u00e7ais \u00e0 porter un look cuir\/clou &#8220;extr\u00eame&#8221;<\/a>\n\t\t\t<\/h4>\n\t\t\t\t\t\t<div class='uagb-post__text uagb-post-grid-byline'>\n\t\t\t\t\t\t\t\t<time datetime=\"2024-09-01T15:13:11+02:00\" class=\"uagb-post__date\">\n\t\t\t\t<span class=\"dashicons-calendar dashicons\"><\/span>\t\t\t\t\t1 September 2024\t\t\t\t<\/time>\n\t\t\t\t\t\t\t<span class=\"uagb-post__comment\">\n\t\t\t\t<span class=\"dashicons-admin-comments dashicons\"><\/span>\t\t\t\t\tNo Comments\t\t\t\t<\/span>\n\t\t\t\t\t\t<\/div>\n\t\t\t\t\t\t\t<div class='uagb-post__text uagb-post__excerpt'>\n\t\t\t\t\t<p>STATUT : INTOX Cette rumeur selon laquelle SATAN JOKERS a \u00e9t\u00e9 le premier groupe en&#8230;\t\t\t\t<\/div>\n\t\t\t\t\t\t<div class=\"uagb-post__text uagb-post__cta wp-block-button\">\n\t\t\t\t<a class=\"wp-block-button__link uagb-text-link\" style=\"\" href=\"https:\/\/troyanforge.com\/index.php\/2024\/09\/01\/satan-jokers-a-ete-le-premier-groupe-francais-a-porter-un-look-cuir-clou-extreme\/\" target=\"_self\" rel=\"bookmark noopener noreferrer\">Read More<\/a>\n\t\t\t<\/div>\n\t\t\t\n\t\t\t\t\t\t\t\t\t<\/article>\n\t\t\t\t\t\t\t\t\t\t\t\t\t\t\t\t<article class=\"uagb-post__inner-wrap\">\t\t\t\t\t\t\t\t<div class='uagb-post__image'>\n\t\t\t\t\t\t\t\t\t<a href=\"https:\/\/troyanforge.com\/index.php\/2024\/09\/01\/vampire-rock-de-shakin-street-etait-le-premier-album-de-hard-rock-francais\/\" target=\"_self\" rel=\"bookmark noopener noreferrer\" class='uagb-image-ratio-inherit'><img loading=\"lazy\" decoding=\"async\" width=\"600\" height=\"589\" src=\"https:\/\/troyanforge.com\/wp-content\/uploads\/2024\/08\/cover-shakin-street-vampire-rock.jpg\" class=\"attachment-large size-large\" alt=\"SHAKIN&#039; STREET &quot;Vampire Rock&quot;\" srcset=\"https:\/\/troyanforge.com\/wp-content\/uploads\/2024\/08\/cover-shakin-street-vampire-rock.jpg 600w, https:\/\/troyanforge.com\/wp-content\/uploads\/2024\/08\/cover-shakin-street-vampire-rock-300x295.jpg 300w, https:\/\/troyanforge.com\/wp-content\/uploads\/2024\/08\/cover-shakin-street-vampire-rock-407x400.jpg 407w\" sizes=\"auto, (max-width: 600px) 100vw, 600px\" \/>\t\t\t\t\t<\/a>\n\t\t\t\t\t\t\t<\/div>\n\t\t\t\t\t\t<h4 class=\"uagb-post__title uagb-post__text\">\n\t\t\t\t<a href=\"https:\/\/troyanforge.com\/index.php\/2024\/09\/01\/vampire-rock-de-shakin-street-etait-le-premier-album-de-hard-rock-francais\/\" target=\"_self\" rel=\"bookmark noopener noreferrer\">\u00ab\u00a0VAMPIRE ROCK\u00a0\u00bb de SHAKIN\u2019 STREET \u00e9tait le premier album de Hard Rock fran\u00e7ais<\/a>\n\t\t\t<\/h4>\n\t\t\t\t\t\t<div class='uagb-post__text uagb-post-grid-byline'>\n\t\t\t\t\t\t\t\t<time datetime=\"2024-09-01T14:45:56+02:00\" class=\"uagb-post__date\">\n\t\t\t\t<span class=\"dashicons-calendar dashicons\"><\/span>\t\t\t\t\t1 September 2024\t\t\t\t<\/time>\n\t\t\t\t\t\t\t<span class=\"uagb-post__comment\">\n\t\t\t\t<span class=\"dashicons-admin-comments dashicons\"><\/span>\t\t\t\t\tNo Comments\t\t\t\t<\/span>\n\t\t\t\t\t\t<\/div>\n\t\t\t\t\t\t\t<div class='uagb-post__text uagb-post__excerpt'>\n\t\t\t\t\t<p>STATUT : INTOX &#8220;Vampire rock de shakin&#8217; street est le premier album de hard rock&#8230;\t\t\t\t<\/div>\n\t\t\t\t\t\t<div class=\"uagb-post__text uagb-post__cta wp-block-button\">\n\t\t\t\t<a class=\"wp-block-button__link uagb-text-link\" style=\"\" href=\"https:\/\/troyanforge.com\/index.php\/2024\/09\/01\/vampire-rock-de-shakin-street-etait-le-premier-album-de-hard-rock-francais\/\" target=\"_self\" rel=\"bookmark noopener noreferrer\">Read More<\/a>\n\t\t\t<\/div>\n\t\t\t\n\t\t\t\t\t\t\t\t\t<\/article>\n\t\t\t\t\t\t\t\t\t\t\t\t\t\t\t\t<article class=\"uagb-post__inner-wrap\">\t\t\t\t\t\t\t\t<div class='uagb-post__image'>\n\t\t\t\t\t\t\t\t\t<a href=\"https:\/\/troyanforge.com\/index.php\/2024\/08\/18\/le-hard-francais-est-ne-avec-trust\/\" target=\"_self\" rel=\"bookmark noopener noreferrer\" class='uagb-image-ratio-inherit'><img loading=\"lazy\" decoding=\"async\" width=\"597\" height=\"600\" src=\"https:\/\/troyanforge.com\/wp-content\/uploads\/2024\/08\/cover-trust-prend-pas-ton-flingue.jpg\" class=\"attachment-large size-large\" alt=\"1er EP TRUST\" srcset=\"https:\/\/troyanforge.com\/wp-content\/uploads\/2024\/08\/cover-trust-prend-pas-ton-flingue.jpg 597w, https:\/\/troyanforge.com\/wp-content\/uploads\/2024\/08\/cover-trust-prend-pas-ton-flingue-150x150.jpg 150w, https:\/\/troyanforge.com\/wp-content\/uploads\/2024\/08\/cover-trust-prend-pas-ton-flingue-100x100.jpg 100w, https:\/\/troyanforge.com\/wp-content\/uploads\/2024\/08\/cover-trust-prend-pas-ton-flingue-398x400.jpg 398w\" sizes=\"auto, (max-width: 597px) 100vw, 597px\" \/>\t\t\t\t\t<\/a>\n\t\t\t\t\t\t\t<\/div>\n\t\t\t\t\t\t<h4 class=\"uagb-post__title uagb-post__text\">\n\t\t\t\t<a href=\"https:\/\/troyanforge.com\/index.php\/2024\/08\/18\/le-hard-francais-est-ne-avec-trust\/\" target=\"_self\" rel=\"bookmark noopener noreferrer\">Le Hard Francais est n\u00e9 avec TRUST !<\/a>\n\t\t\t<\/h4>\n\t\t\t\t\t\t<div class='uagb-post__text uagb-post-grid-byline'>\n\t\t\t\t\t\t\t\t<time datetime=\"2024-08-18T20:52:56+02:00\" class=\"uagb-post__date\">\n\t\t\t\t<span class=\"dashicons-calendar dashicons\"><\/span>\t\t\t\t\t18 August 2024\t\t\t\t<\/time>\n\t\t\t\t\t\t\t<span class=\"uagb-post__comment\">\n\t\t\t\t<span class=\"dashicons-admin-comments dashicons\"><\/span>\t\t\t\t\tNo Comments\t\t\t\t<\/span>\n\t\t\t\t\t\t<\/div>\n\t\t\t\t\t\t\t<div class='uagb-post__text uagb-post__excerpt'>\n\t\t\t\t\t<p>Statut : INTOX TRUST n&#8217;est n\u00e9 qu&#8217;en 1977, bien apr\u00e8s OCEAN (1974), GANAFOUL (1974), SPEED&#8230;\t\t\t\t<\/div>\n\t\t\t\t\t\t<div class=\"uagb-post__text uagb-post__cta wp-block-button\">\n\t\t\t\t<a class=\"wp-block-button__link uagb-text-link\" style=\"\" href=\"https:\/\/troyanforge.com\/index.php\/2024\/08\/18\/le-hard-francais-est-ne-avec-trust\/\" target=\"_self\" rel=\"bookmark noopener noreferrer\">Read More<\/a>\n\t\t\t<\/div>\n\t\t\t\n\t\t\t\t\t\t\t\t\t<\/article>\n\t\t\t\t\t\t\t\t\t\t\t<\/div>\n\t\t\t\n\n\n<div class=\"wp-block-uagb-container uagb-block-df02f677 alignfull uagb-is-root-container\"><div class=\"uagb-container-inner-blocks-wrap\"><\/div><\/div>\n","protected":false},"excerpt":{"rendered":"<p>Metal MythBuster L&#8217;absence de reconnaissance m\u00e9diatique et le manque de documentations s\u00e9rieuses relatives \u00e0 l&#8217;histoire du Hard et du Metal Fran\u00e7ais conduisent parfois \u00e0 la naissance de v\u00e9ritables l\u00e9gendes urbaines, colport\u00e9es soit par une transmission orale d\u00e9fectueuse, soit par des journalistes soucieux de faire cadrer l&#8217;histoire avec leur vision du rock en France, n&#8217;h\u00e9sitant pas &hellip; <a href=\"https:\/\/troyanforge.com\/index.php\/info-ou-intox\/\" class=\"more-link\">Continue reading <span class=\"screen-reader-text\">Info ou Intox<\/span> <span class=\"meta-nav\">&rarr;<\/span><\/a><\/p>\n","protected":false},"author":1,"featured_media":1379,"parent":0,"menu_order":0,"comment_status":"closed","ping_status":"closed","template":"","meta":{"_uag_custom_page_level_css":"","footnotes":""},"class_list":["post-29","page","type-page","status-publish","has-post-thumbnail","hentry"],"uagb_featured_image_src":{"full":["https:\/\/troyanforge.com\/wp-content\/uploads\/2025\/02\/info-intox-witch.jpg",1368,768,false],"thumbnail":["https:\/\/troyanforge.com\/wp-content\/uploads\/2025\/02\/info-intox-witch-150x150.jpg",150,150,true],"medium":["https:\/\/troyanforge.com\/wp-content\/uploads\/2025\/02\/info-intox-witch-300x168.jpg",300,168,true],"medium_large":["https:\/\/troyanforge.com\/wp-content\/uploads\/2025\/02\/info-intox-witch-768x431.jpg",700,393,true],"large":["https:\/\/troyanforge.com\/wp-content\/uploads\/2025\/02\/info-intox-witch-1024x575.jpg",700,393,true],"1536x1536":["https:\/\/troyanforge.com\/wp-content\/uploads\/2025\/02\/info-intox-witch.jpg",1368,768,false],"2048x2048":["https:\/\/troyanforge.com\/wp-content\/uploads\/2025\/02\/info-intox-witch.jpg",1368,768,false],"lodestar-featured-image":["https:\/\/troyanforge.com\/wp-content\/uploads\/2025\/02\/info-intox-witch.jpg",1368,768,false],"lodestar-featured-archive-image":["https:\/\/troyanforge.com\/wp-content\/uploads\/2025\/02\/info-intox-witch-700x393.jpg",700,393,true],"lodestar-portfolio-image":["https:\/\/troyanforge.com\/wp-content\/uploads\/2025\/02\/info-intox-witch.jpg",1368,768,false],"lodestar-portfolio-archive-image":["https:\/\/troyanforge.com\/wp-content\/uploads\/2025\/02\/info-intox-witch-900x600.jpg",900,600,true],"lodestar-thumbnail-avatar":["https:\/\/troyanforge.com\/wp-content\/uploads\/2025\/02\/info-intox-witch-100x100.jpg",100,100,true],"lodestar-logo":["https:\/\/troyanforge.com\/wp-content\/uploads\/2025\/02\/info-intox-witch-713x400.jpg",713,400,true]},"uagb_author_info":{"display_name":"Gilles de Troy","author_link":"https:\/\/troyanforge.com\/index.php\/author\/admin9234\/"},"uagb_comment_info":0,"uagb_excerpt":"Metal MythBuster L&#8217;absence de reconnaissance m\u00e9diatique et le manque de documentations s\u00e9rieuses relatives \u00e0 l&#8217;histoire du Hard et du Metal Fran\u00e7ais conduisent parfois \u00e0 la naissance de v\u00e9ritables l\u00e9gendes urbaines, colport\u00e9es soit par une transmission orale d\u00e9fectueuse, soit par des journalistes soucieux de faire cadrer l&#8217;histoire avec leur vision du rock en France, n&#8217;h\u00e9sitant pas&hellip;","_links":{"self":[{"href":"https:\/\/troyanforge.com\/index.php\/wp-json\/wp\/v2\/pages\/29","targetHints":{"allow":["GET"]}}],"collection":[{"href":"https:\/\/troyanforge.com\/index.php\/wp-json\/wp\/v2\/pages"}],"about":[{"href":"https:\/\/troyanforge.com\/index.php\/wp-json\/wp\/v2\/types\/page"}],"author":[{"embeddable":true,"href":"https:\/\/troyanforge.com\/index.php\/wp-json\/wp\/v2\/users\/1"}],"replies":[{"embeddable":true,"href":"https:\/\/troyanforge.com\/index.php\/wp-json\/wp\/v2\/comments?post=29"}],"version-history":[{"count":10,"href":"https:\/\/troyanforge.com\/index.php\/wp-json\/wp\/v2\/pages\/29\/revisions"}],"predecessor-version":[{"id":722,"href":"https:\/\/troyanforge.com\/index.php\/wp-json\/wp\/v2\/pages\/29\/revisions\/722"}],"wp:featuredmedia":[{"embeddable":true,"href":"https:\/\/troyanforge.com\/index.php\/wp-json\/wp\/v2\/media\/1379"}],"wp:attachment":[{"href":"https:\/\/troyanforge.com\/index.php\/wp-json\/wp\/v2\/media?parent=29"}],"curies":[{"name":"wp","href":"https:\/\/api.w.org\/{rel}","templated":true}]}}